late u(-4).
-14
Let i(k) = 3*k + k - k - 3*k**2 + 290 - 289 - k. Let m(u) = -u**2 - u - 1. Let y = -2 - -1. Let a be m(y). Calculate i(a).
-4
Let q(j) = -j**2 + 11*j + 5. Let h(i) = 2*i**2 - 11*i - 6. Let t(z) = 2*h(z) + 3*q(z). What is t(-9)?
-15
Suppose 5 = -5*a + 5*d, 0*d + d - 1 = -a. Suppose 3*o + o + 20 = a. Let b(s) = s + 4 + 2 + 2. Determine b(o).
3
Suppose 27 = 4*i + 23*i. Let l(v) be the first derivative of -1/2*v**2 - i - 2/3*v**3 + 3*v**4 + 0*v. Give l(-1).
-13
Let a = 5 - 3. Let w(c) = -a - 17*c**2 - c - 10*c**2 + 25*c**2 - 2*c**3 + 1. Determine w(-2).
9
Let l(z) = 24*z**3 + z**2. Let f be 23/(-115) - 11/(-5) - 3. Determine l(f).
-23
Suppose 0 = -194*p + 188*p + 96. Let c(s) = -2*s + 17. Calculate c(p).
-15
Suppose 2*v = v - 1, -2*h + 11 = -3*v. Let m(d) = 5*d - 1 + d**2 + h + 1. Determine m(-6).
10
Let n(o) be the first derivative of -o**4/12 + o**3/2 + o**2 - 14*o - 13. Let x(k) be the first derivative of n(k). Determine x(4).
-2
Let w = -1570 - -1564. Let a(j) = 2*j + 15. Calculate a(w).
3
Let m be (-34)/(-6) - (-6)/18. Let v(d) = -d + 1. Let t(c) = -1. Let i(x) = 4*x + 4. Let b(s) = -i(s) - 6*t(s). Let u(k) = -b(k) + 2*v(k). What is u(m)?
12
Suppose 260*h - 88 = 271*h. Let i(o) = 3*o**2 - o**2 - o**2 + 5*o - 10. Determine i(h).
14
Suppose -4*z + 0*z = 5*l - 9, 4*z + 26 = 2*l. Let j be z/22 - 114/(-22). Let d(q) = -3*q**2 - q**2 - 6*q**3 + q**3 + 6*q**3 - 2*q - 2. Calculate d(j).
13
Suppose -3*s + 0 + 36 = 0. Suppose -6 = -s*a + 11*a. Let v(d) = -a + 5*d + 3 - 5*d - d. What is v(-7)?
4
Let n(u) = -u**3 - 8*u**2 - 8*u - 7. Let b = -836 + 830. Give n(b).
-31
Let k(y) = -17*y + 49. Let d(w) = -4*w + 12. Let o = 137 - 146. Let r(m) = o*d(m) + 2*k(m). Give r(10).
10
Let v(b) = -b**3 + b. Let s be v(0). Let l(u) be the second derivative of u**6/720 - 5*u**4/4 + 5*u. Let h(p) be the third derivative of l(p). What is h(s)?
0
Let m(a) be the second derivative of a**3/3 - 10*a**2 - 193*a. What is m(6)?
-8
Let v = -94 + 22. Let k = v + 77. Let o(c) = -8 + 6*c + 3*c**2 - 4*c**2 + 1. What is o(k)?
-2
Let c(v) = -34*v**3 + 3 - 4*v + 17*v**3 + 0*v**3 + v**2 + 9*v**3. Calculate c(1).
-8
Let f(x) = -8*x + x**2 - 6 + 0 + 2. Let a be (9/(-4))/((-27)/252). Suppose -3*p + a = 5*y - 0*y, y - 4*p - 18 = 0. Calculate f(y).
-16
Let k(b) = 12 - 354*b + 181*b + 176*b. Determine k(-6).
-6
Let f(y) be the third derivative of y**6/120 + 2*y**5/15 - y**4/24 - 5*y**2 - 15*y. Determine f(-8).
8
Let v(o) = -o - 5. Let h(r) = r**2 - 7*r + 2. Let l be h(5). Let k be v(l). Let w(d) = -d - d**2 + k*d + 2*d**2 - 3*d. What is w(2)?
2
Suppose 3*i - 5*z = 46, -4*i = -3*z - 100 + 35. Let b(r) = -r**3 + 16*r**2 + 16*r + 20. What is b(i)?
3
Let z(c) = -c**3 - 7*c**2 - 4*c. Suppose -m - 4*u = -22 - 66, 0 = -m - 2*u + 88. Suppose 84*n = m*n + 24. Calculate z(n).
-12
Let z be 10/3*(-78)/52. Let l(i) = 3*i - 3. Give l(z).
-18
Let x(b) = -7*b**3 - 4*b**2 - b - 6. Let j(z) = 2*z**3 + z**2 + z + 1. Let a(v) = -3*j(v) - x(v). What is a(-2)?
3
Let m(t) be the first derivative of -t**3/3 - 2*t**2 + 3*t + 1. Let y be 16 - (-1 + 0 - -14). Give m(y).
-18
Let u(r) = 6*r**2 + 4*r + 5. Let p(b) = 5*b**2 + 5*b + 5. Let q(z) = 5*p(z) - 4*u(z). Suppose 15 = -5*t - 25. What is q(t)?
-3
Let u(n) = -7*n**3 - n**2 - n + 1. Let i = -157 - -158. Calculate u(i).
-8
Let t be 30/(-4) - 69/(-46). Let s(p) = p**2 + 6*p - 4. Determine s(t).
-4
Suppose -44*p + 53*p = 27. Let q(m) = 8*m**2 - 4*m + 3. Let j(y) = -7*y**2 + 4*y - 3. Let a(u) = 7*j(u) + 6*q(u). What is a(p)?
0
Let u(a) = 2*a**2 + 2*a - 1. Let i(g) = g - 2. Let p be i(2). Suppose p = -y - y. Suppose 9 = 5*z - 2*b, y = 3*z + 5*b + 9 - 2. Determine u(z).
3
Let d(x) = -x**2 + 7*x - 8. Suppose -3*m + 5*c + 32 = 0, -6*m - 3*c = -2*m - 33. Suppose r = -a + m, -r = -2*a - a + 3. Give d(r).
-2
Let n(f) be the first derivative of 3*f**2/2 - 3*f - 2. Let c(o) = 2*o**2 + 20*o + 6. Let x be c(-10). What is n(x)?
15
Let g(x) = x**2 + 7*x + 6. Let q(j) = -j**3 - 2*j**2 - 15*j - 13. Let u(o) = -13*g(o) - 6*q(o). Let b be ((-21)/(-9) - 2)*-3. Calculate u(b).
-6
Suppose -2*f + 38 = f - z, 2*f - 5*z = 8. Suppose -4*p + f*p = -50. Let o(i) = i + 5. Determine o(p).
0
Let o = 119 - 115. Let b(h) = -4*h**2 + 5*h + 1. Let p(z) = -3*z**2 + 6*z. Let a(r) = -2*b(r) + 3*p(r). Give a(o).
14
Let q(j) = -13. Let l(v) = v + 67. Let n(s) = -l(s) - 4*q(s). Give n(-10).
-5
Suppose -5*x = 26 - 1, 3*h + 4*x = -32. Let s be (-2)/2 - (-12)/3. Let o(w) = -4 + s + 4 + w. Give o(h).
-1
Let c = 159 + -160. Let f(q) = 9*q**3 - q**2 - 2*q - 1. What is f(c)?
-9
Let s(n) = -n**3 + 5*n**2 + 9*n - 5. Let l be (-40)/340 - 104/(-17). Give s(l).
13
Let c(p) = -10*p**2 + 20*p - 19. Let w(b) = -3*b**2 + 7*b - 6. Let n(a) = 2*c(a) - 7*w(a). Give n(7).
-10
Let q be 1/2 + 84/(-8). Let g be (5/q)/(1/(-10)). Suppose 5*k - 24 = f, -f = g*k - 4*f - 22. Let y(b) = -3*b + 6. Give y(k).
-9
Suppose 3*w - 4*b = 21 + 12, -5*w + 2*b + 41 = 0. Let l = 10 - 14. Let g(r) = 5*r - 4. Let o(j) = -6*j + 4. Let d(t) = l*o(t) - 5*g(t). Calculate d(w).
-3
Let a(l) = -2*l - 12*l**2 + 3*l + 8 - 3*l + 5*l**2 + 3*l - l**3. What is a(-7)?
1
Let l(d) = 3*d - 14*d + 8*d - 4 + d**2. Let m be l(4). Let g(h) = m - 1 + h + 1. What is g(2)?
2
Let w(v) = 27*v**2. Let r(n) = -94*n - 93. Let l be r(-1). Determine w(l).
27
Let s(c) be the third derivative of c**5/30 + 5*c**4/12 - 399*c**2. Calculate s(-6).
12
Suppose 4*m = 48 + 40. Let f = -26 + m. Let l(p) = 5*p + 6. Calculate l(f).
-14
Let h(b) = b**3 + 14*b**2 - 16. Let n = 439 - 453. What is h(n)?
-16
Let b(a) = a - 85. Let v(l) = 30. Let x(u) = -3*b(u) - 8*v(u). Determine x(5).
0
Let o(r) = -r**2 + 10*r + 77. Let m be o(15). Let s(k) = 3 + 3*k**2 + 4*k - 3 + 3 - 6*k. Calculate s(m).
11
Let y(f) = f**2 + 4*f - 3. Suppose a + 2*a + 4*q = 0, 3*a + 9 = -q. Give y(a).
-3
Let h(z) be the first derivative of -z**3/3 - 5*z**2/2 + 8*z + 215. Determine h(-7).
-6
Let l(u) = 3*u - 6*u + 2*u + 3*u - 12*u**2 - 1 + 0. Calculate l(1).
-11
Let b(f) = 6*f**2. Let y be b(1). Let q(c) = -1. Let n(s) = s - 9. Let u = 21 + -17. Let z(m) = u*n(m) - 28*q(m). Give z(y).
16
Let d(t) be the first derivative of t**3/3 - 4*t**2 + 2*t + 1. Let v(u) = -u - 1. Let n be v(-6). Suppose -n*o + 9 = -21. What is d(o)?
-10
Suppose -7*c + 68 = -9. Let t(h) = -13*h - 34. Let r(p) = -7*p - 17. Let k(g) = c*r(g) - 6*t(g). What is k(0)?
17
Let g = -16 + 18. Let a be g/3 - (-32)/(-12). Let n(x) be the first derivative of x**4/4 + x**3/3 + 2*x + 5. Calculate n(a).
-2
Let i = 81 + -89. Let f(r) be the second derivative of 5*r**4/6 + r**3/3 - r**2 - 2*r. Let k(y) = 29*y**2 + 5*y - 5. Let b(g) = i*f(g) + 3*k(g). Determine b(1).
7
Suppose -4*x + x = -6. Let v be ((-4)/x - -3) + 5. Let b(s) = -s**2 + 8*s - 7. Determine b(v).
5
Let z(c) = -27 + 2*c + 26 - 2*c + 3*c**2 - 4*c**3. Give z(2).
-21
Let f be 1 + -3*(-70)/21. Let k(d) = -d + 16. What is k(f)?
5
Let b(m) = 10*m - 34. Let k(c) = -3*c + 11. Let t(o) = 2*b(o) + 7*k(o). Suppose 0 = -5*j - 293 + 313. What is t(j)?
5
Let i(y) = y**3 - 17*y**2 - 19*y + 18. Let u(f) = 17*f - 152. Let d be u(10). Calculate i(d).
0
Let q = 6 + -9. Let y(b) be the third derivative of 1/3*b**3 + 8*b**2 - 1/12*b**4 + 0*b + 0 - 1/60*b**5. Calculate y(q).
-1
Suppose 12 = -11*k - 428. Let x = k - -45. Let q(r) = -r**3 + 5*r**2 + 3*r - 5. Give q(x).
10
Let j = 239 + -238. Let w(i) be the first derivative of -1 + i + 15/4*i**4 + 1/3*i**3 - i**2. Give w(j).
15
Let o(l) = -3*l**2 - 8*l - 5 + 3*l**2 - l**2. Let y be 38*(10/4 - 2)/1. Suppose 0 = -q - 3*s + 9, -q - 8*s + y = -3*s. Calculate o(q).
7
Let x(y) be the second derivative of 9*y**5/20 + y**4/6 - y**3/6 - 26*y. Let c = -1 + 2. Calculate x(c).
10
Let b(l) = -l**3 - 3*l**2 - 2*l + 1. Let p = 1 + 13. Suppose -336 = 34*o - 13*o. Let a = p + o. What is b(a)?
1
Let k(v) be the first derivative of v**4/4 + v**3/3 + v**2/2 + 3*v - 3. Suppose 3*l = -0*l - 3*b - 24, -4*l = 2*b + 22. Give k(l).
-18
Let n(b) = -b + 7. Let o(l) = l - 8. Let p(j) = 2*n(j) + 3*o(j). Let f be p(10). Let t(s) = -s**3 - s**2 + s - 12. Give t(f).
-12
Let m(u) = u**3 + 2*u**2 + u + 2. Let o(z) = -2*z**3 - z**2 + 2*z. Let t(h) = -m(h) - o(h). Calculate t(-3).
-29
Let z(j) = -j**2 + 3. Let i be z(2). Let m(p) = 11*p + 7. Let f(o) = -21*o - 13. Let y(d) = -6*f(d) - 11*m(d). Calculate y